{"id":1149,"date":"2023-04-29T14:30:00","date_gmt":"2023-04-29T12:30:00","guid":{"rendered":"http:\/\/parcelle112.com\/?page_id=1149"},"modified":"2024-03-28T14:16:00","modified_gmt":"2024-03-28T13:16:00","slug":"love-me-tender","status":"publish","type":"page","link":"https:\/\/parcelle112.com\/?page_id=1149","title":{"rendered":"Love me tender"},"content":{"rendered":"\t\t<div data-elementor-type=\"wp-page\" data-elementor-id=\"1149\" class=\"elementor elementor-1149\">\n\t\t\t\t\t\t<section class=\"elementor-section elementor-top-section elementor-element elementor-element-bf500e8 elementor-section-boxed elementor-section-height-default elementor-section-height-default\" data-id=\"bf500e8\" data-element_type=\"section\" data-e-type=\"section\">\n\t\t\t\t\t\t<div class=\"elementor-container elementor-column-gap-default\">\n\t\t\t\t\t<div class=\"elementor-column elementor-col-100 elementor-top-column elementor-element elementor-element-13dbb97\" data-id=\"13dbb97\" data-element_type=\"column\" data-e-type=\"column\">\n\t\t\t<div class=\"elementor-widget-wrap elementor-element-populated\">\n\t\t\t\t\t\t<div class=\"elementor-element elementor-element-79b2e61 elementor-widget elementor-widget-text-editor\" data-id=\"79b2e61\" data-element_type=\"widget\" data-e-type=\"widget\" data-widget_type=\"text-editor.default\">\n\t\t\t\t<div class=\"elementor-widget-container\">\n\t\t\t\t\t\t\t\t\t<p>Love me tender<\/p>\t\t\t\t\t\t\t\t<\/div>\n\t\t\t\t<\/div>\n\t\t\t\t\t<\/div>\n\t\t<\/div>\n\t\t\t\t\t<\/div>\n\t\t<\/section>\n\t\t\t\t<section class=\"elementor-section elementor-top-section elementor-element elementor-element-dcdb655 elementor-section-boxed elementor-section-height-default elementor-section-height-default\" data-id=\"dcdb655\" data-element_type=\"section\" data-e-type=\"section\">\n\t\t\t\t\t\t<div class=\"elementor-container elementor-column-gap-default\">\n\t\t\t\t\t<div class=\"elementor-column elementor-col-100 elementor-top-column elementor-element elementor-element-122941b\" data-id=\"122941b\" data-element_type=\"column\" data-e-type=\"column\">\n\t\t\t<div class=\"elementor-widget-wrap elementor-element-populated\">\n\t\t\t\t\t\t<div class=\"elementor-element elementor-element-5e27d63 elementor-widget elementor-widget-text-editor\" data-id=\"5e27d63\" data-element_type=\"widget\" data-e-type=\"widget\" data-widget_type=\"text-editor.default\">\n\t\t\t\t<div class=\"elementor-widget-container\">\n\t\t\t\t\t\t\t\t\t<div><\/div>\t\t\t\t\t\t\t\t<\/div>\n\t\t\t\t<\/div>\n\t\t\t\t\t<\/div>\n\t\t<\/div>\n\t\t\t\t\t<\/div>\n\t\t<\/section>\n\t\t\t\t<section class=\"elementor-section elementor-top-section elementor-element elementor-element-3839356 elementor-section-boxed elementor-section-height-default elementor-section-height-default\" data-id=\"3839356\" data-element_type=\"section\" data-e-type=\"section\">\n\t\t\t\t\t\t<div class=\"elementor-container elementor-column-gap-default\">\n\t\t\t\t\t<div class=\"elementor-column elementor-col-50 elementor-top-column elementor-element elementor-element-47e4362\" data-id=\"47e4362\" data-element_type=\"column\" data-e-type=\"column\">\n\t\t\t<div class=\"elementor-widget-wrap elementor-element-populated\">\n\t\t\t\t\t\t<div class=\"elementor-element elementor-element-4f6cdcd elementor-widget elementor-widget-text-editor\" data-id=\"4f6cdcd\" data-element_type=\"widget\" data-e-type=\"widget\" data-widget_type=\"text-editor.default\">\n\t\t\t\t<div class=\"elementor-widget-container\">\n\t\t\t\t\t\t\t\t\t<p>Le r\u00e9cit commence au moment d\u2019un divorce par un proc\u00e8s pour \u00ab&nbsp;mauvaise vie&nbsp;\u00bb. Celui d\u2019une femme qui a tout quitt\u00e9 pour vivre autrement, \u00ab&nbsp;une vie flingu\u00e9e \u00e0 la calache&nbsp;\u00bb, comme elle dit. C\u2019est le moment de la vie de cette femme qui se demande comment elle va faire avec l\u2019absence de son enfant. Parce qu\u2019en effet elle a tout voulu quitter, tout, sauf lui, \u00e7a na jamais fait partie du programme de se passer de Paul, de ne plus \u00eatre sa m\u00e8re.&nbsp;&nbsp;<\/p>\n<p>Elle et le p\u00e8re s\u2019\u00e9taient s\u00e9par\u00e9s il y a trois ans, \u00e7a avait dur\u00e9 vingt ans leur histoire, il avait \u00e9t\u00e9 son premier amant et jusqu\u2019\u00e0 nouvel ordre le dernier. Pour leur fils de huit ans ils font une semaine sur deux, \u00e0 l\u2019amiable, il n\u2019y avait jamais eu de probl\u00e8me. Depuis quelque mois elle est pass\u00e9e aux filles, c\u2019est ce qu\u2019elle est venu lui annoncer. Ils ont rendez-vous au Flore, elle lui dit, \u00ab&nbsp;j\u2019ai des histoires avec des filles, j\u2019aimerais qu\u2019on divorce ce serait plus clair pour tout le monde&nbsp;\u00bb. Il lui r\u00e9pond que ce qui compte pour lui c\u2019est qu\u2019elle soit heureuse, il recommande du champagne, touche \u00e0 peine \u00e0 son croque-monsieur, puis il paie et la raccompagne jusque chez elle. L\u00e0, il fait comme s\u2019ils allaient monter tous les deux, comme s\u2019ils n\u2019\u00e9taient pas s\u00e9par\u00e9s depuis trois ans. Elle lui dit non, \u00ab&nbsp;comme tu veux&nbsp;\u00bb, r\u00e9pond-il. C\u2019est \u00e0 partir de l\u00e0 que les choses ont commenc\u00e9 \u00e0 aller mal. Il esquive ses messages, ne r\u00e9pond plus aux appels ni aux mails. Aux vacances suivantes il dit qu\u2019il y a un probl\u00e8me avec Paul, il dit qu\u2019il ne veut plus la voir, qu\u2019il la d\u00e9teste.<\/p>\n<p>C\u2019est l\u2019histoire de cet arrachement, de ce lien d\u00e9coup\u00e9 \u00e0 la machette, de la relation en pointill\u00e9 de plus en plus t\u00e9nue de cette m\u00e8re et de son enfant que le p\u00e8re cherche \u00e0 destituer de son autorit\u00e9 parentale, \u00e0 partir de ce jour o\u00f9 il comprend qu\u2019elle lui \u00e9chappe d\u00e9finitivement. <br>L\u2019homosexualit\u00e9 est probablement la transgression la plus \u00e9vidente et la plus truculente, mais ce qui est le plus transgressif aux yeux des autres c\u2019est l\u2019exercice de la libert\u00e9 et \u00e7a l\u2019est bien s\u00fbr en particulier quand on est une femme. Vivre en dehors de la famille, du couple, de l\u2019h\u00e9t\u00e9rosexualit\u00e9, \u00e9crire, sont des choses qui ne sont pas comprises, c\u2019est soit du vice, soit de la folie. La question de la m\u00e8re est une convention comme une autre, mais c\u2019est peut-\u00eatre celle qu\u2019on a le plus de mal \u00e0 interroger. On voit bien comment coupl\u00e9e \u00e0 celle de l\u2019homosexualit\u00e9 f\u00e9minine, elle vient menacer tout l\u2019\u00e9difice social.<\/p>\n<p><br><\/p>\t\t\t\t\t\t\t\t<\/div>\n\t\t\t\t<\/div>\n\t\t\t\t\t<\/div>\n\t\t<\/div>\n\t\t\t\t<div class=\"elementor-column elementor-col-50 elementor-top-column elementor-element elementor-element-7fd05fa\" data-id=\"7fd05fa\" data-element_type=\"column\" data-e-type=\"column\">\n\t\t\t<div class=\"elementor-widget-wrap elementor-element-populated\">\n\t\t\t\t\t\t<div class=\"elementor-element elementor-element-d12f17c elementor-widget__width-initial elementor-widget elementor-widget-text-editor\" data-id=\"d12f17c\" data-element_type=\"widget\" data-e-type=\"widget\" data-widget_type=\"text-editor.default\">\n\t\t\t\t<div class=\"elementor-widget-container\">\n\t\t\t\t\t\t\t\t\t<p><strong>Cr\u00e9ation 2025\/26 &#8211; coproduction en cours<\/strong><br \/>Th\u00e9\u00e2tre de l&rsquo;Atelier, Th\u00e9\u00e2tre des C\u00e9lestins<br \/>Texte de Constance Debr\u00e9<br \/>Co-adaptation, Anne Azoulay et Vanessa Larr\u00e9\u00a0 \u00a0<br \/>Mise en sc\u00e8ne Vanessa Larr\u00e9<br \/>Avec Anne Azoulay, et huit personnages en interaction vid\u00e9o<\/p>\t\t\t\t\t\t\t\t<\/div>\n\t\t\t\t<\/div>\n\t\t\t\t\t<\/div>\n\t\t<\/div>\n\t\t\t\t\t<\/div>\n\t\t<\/section>\n\t\t\t\t<section class=\"elementor-section elementor-top-section elementor-element elementor-element-f3d11be elementor-section-boxed elementor-section-height-default elementor-section-height-default\" data-id=\"f3d11be\" data-element_type=\"section\" data-e-type=\"section\">\n\t\t\t\t\t\t<div class=\"elementor-container elementor-column-gap-default\">\n\t\t\t\t\t<div class=\"elementor-column elementor-col-100 elementor-top-column elementor-element elementor-element-d087e2e\" data-id=\"d087e2e\" data-element_type=\"column\" data-e-type=\"column\">\n\t\t\t<div class=\"elementor-widget-wrap\">\n\t\t\t\t\t\t\t<\/div>\n\t\t<\/div>\n\t\t\t\t\t<\/div>\n\t\t<\/section>\n\t\t\t\t<\/div>\n\t\t","protected":false},"excerpt":{"rendered":"<p>Love me tender Le r\u00e9cit commence au moment d\u2019un divorce par un proc\u00e8s pour \u00ab&nbsp;mauvaise vie&nbsp;\u00bb. Celui d\u2019une femme qui a tout quitt\u00e9 pour vivre autrement, \u00ab&nbsp;une vie flingu\u00e9e \u00e0 la calache&nbsp;\u00bb, comme elle dit. C\u2019est le moment de la vie de cette femme qui se demande comment elle va faire avec l\u2019absence de son&hellip;&nbsp;<a href=\"https:\/\/parcelle112.com\/?page_id=1149\" class=\"\" rel=\"bookmark\">Lire la suite &raquo;<span class=\"screen-reader-text\">Love me tender<\/span><\/a><\/p>\n","protected":false},"author":1,"featured_media":0,"parent":0,"menu_order":0,"comment_status":"closed","ping_status":"closed","template":"","meta":{"neve_meta_sidebar":"","neve_meta_container":"","neve_meta_enable_content_width":"","neve_meta_content_width":0,"neve_meta_title_alignment":"","neve_meta_author_avatar":"","neve_post_elements_order":"","neve_meta_disable_header":"","neve_meta_disable_footer":"","neve_meta_disable_title":"","footnotes":""},"class_list":["post-1149","page","type-page","status-publish","hentry"],"_links":{"self":[{"href":"https:\/\/parcelle112.com\/index.php?rest_route=\/wp\/v2\/pages\/1149","targetHints":{"allow":["GET"]}}],"collection":[{"href":"https:\/\/parcelle112.com\/index.php?rest_route=\/wp\/v2\/pages"}],"about":[{"href":"https:\/\/parcelle112.com\/index.php?rest_route=\/wp\/v2\/types\/page"}],"author":[{"embeddable":true,"href":"https:\/\/parcelle112.com\/index.php?rest_route=\/wp\/v2\/users\/1"}],"replies":[{"embeddable":true,"href":"https:\/\/parcelle112.com\/index.php?rest_route=%2Fwp%2Fv2%2Fcomments&post=1149"}],"version-history":[{"count":34,"href":"https:\/\/parcelle112.com\/index.php?rest_route=\/wp\/v2\/pages\/1149\/revisions"}],"predecessor-version":[{"id":2815,"href":"https:\/\/parcelle112.com\/index.php?rest_route=\/wp\/v2\/pages\/1149\/revisions\/2815"}],"wp:attachment":[{"href":"https:\/\/parcelle112.com\/index.php?rest_route=%2Fwp%2Fv2%2Fmedia&parent=1149"}],"curies":[{"name":"wp","href":"https:\/\/api.w.org\/{rel}","templated":true}]}}