{"id":1153,"date":"2023-04-29T14:30:00","date_gmt":"2023-04-29T12:30:00","guid":{"rendered":"http:\/\/parcelle112.com\/?page_id=1153"},"modified":"2023-11-28T16:36:38","modified_gmt":"2023-11-28T15:36:38","slug":"la-passe-podcast","status":"publish","type":"page","link":"https:\/\/parcelle112.com\/?page_id=1153","title":{"rendered":"La Passe # Podcast"},"content":{"rendered":"\t\t<div data-elementor-type=\"wp-page\" data-elementor-id=\"1153\" class=\"elementor elementor-1153\">\n\t\t\t\t\t\t<section class=\"elementor-section elementor-top-section elementor-element elementor-element-94bb6cb elementor-section-boxed elementor-section-height-default elementor-section-height-default\" data-id=\"94bb6cb\" data-element_type=\"section\" data-e-type=\"section\">\n\t\t\t\t\t\t<div class=\"elementor-container elementor-column-gap-default\">\n\t\t\t\t\t<div class=\"elementor-column elementor-col-100 elementor-top-column elementor-element elementor-element-60bdc4a\" data-id=\"60bdc4a\" data-element_type=\"column\" data-e-type=\"column\">\n\t\t\t<div class=\"elementor-widget-wrap elementor-element-populated\">\n\t\t\t\t\t\t<div class=\"elementor-element elementor-element-7ab4489 elementor-widget elementor-widget-text-editor\" data-id=\"7ab4489\" data-element_type=\"widget\" data-e-type=\"widget\" data-widget_type=\"text-editor.default\">\n\t\t\t\t<div class=\"elementor-widget-container\">\n\t\t\t\t\t\t\t\t\t<p>La Passe # Podcast<\/p>\t\t\t\t\t\t\t\t<\/div>\n\t\t\t\t<\/div>\n\t\t\t\t\t<\/div>\n\t\t<\/div>\n\t\t\t\t\t<\/div>\n\t\t<\/section>\n\t\t\t\t<section class=\"elementor-section elementor-top-section elementor-element elementor-element-f0cf133 elementor-section-boxed elementor-section-height-default elementor-section-height-default\" data-id=\"f0cf133\" data-element_type=\"section\" data-e-type=\"section\">\n\t\t\t\t\t\t<div class=\"elementor-container elementor-column-gap-default\">\n\t\t\t\t\t<div class=\"elementor-column elementor-col-100 elementor-top-column elementor-element elementor-element-ae2059a\" data-id=\"ae2059a\" data-element_type=\"column\" data-e-type=\"column\">\n\t\t\t<div class=\"elementor-widget-wrap elementor-element-populated\">\n\t\t\t\t\t\t<div class=\"elementor-element elementor-element-1f3f8d3 e-transform elementor-widget elementor-widget-text-editor\" data-id=\"1f3f8d3\" data-element_type=\"widget\" data-e-type=\"widget\" data-settings=\"{&quot;_transform_scale_effect&quot;:{&quot;unit&quot;:&quot;px&quot;,&quot;size&quot;:1,&quot;sizes&quot;:[]},&quot;_transform_scale_effect_tablet&quot;:{&quot;unit&quot;:&quot;px&quot;,&quot;size&quot;:&quot;&quot;,&quot;sizes&quot;:[]},&quot;_transform_scale_effect_mobile&quot;:{&quot;unit&quot;:&quot;px&quot;,&quot;size&quot;:&quot;&quot;,&quot;sizes&quot;:[]}}\" data-widget_type=\"text-editor.default\">\n\t\t\t\t<div class=\"elementor-widget-container\">\n\t\t\t\t\t\t\t\t\t<p><\/p>\t\t\t\t\t\t\t\t<\/div>\n\t\t\t\t<\/div>\n\t\t\t\t\t<\/div>\n\t\t<\/div>\n\t\t\t\t\t<\/div>\n\t\t<\/section>\n\t\t\t\t<section class=\"elementor-section elementor-top-section elementor-element elementor-element-ce052db elementor-section-boxed elementor-section-height-default elementor-section-height-default\" data-id=\"ce052db\" data-element_type=\"section\" data-e-type=\"section\">\n\t\t\t\t\t\t<div class=\"elementor-container elementor-column-gap-default\">\n\t\t\t\t\t<div class=\"elementor-column elementor-col-50 elementor-top-column elementor-element elementor-element-0ce6b51\" data-id=\"0ce6b51\" data-element_type=\"column\" data-e-type=\"column\">\n\t\t\t<div class=\"elementor-widget-wrap elementor-element-populated\">\n\t\t\t\t\t\t<div class=\"elementor-element elementor-element-f00b3ff elementor-widget elementor-widget-text-editor\" data-id=\"f00b3ff\" data-element_type=\"widget\" data-e-type=\"widget\" data-widget_type=\"text-editor.default\">\n\t\t\t\t<div class=\"elementor-widget-container\">\n\t\t\t\t\t\t\t\t\t<p>LA PASSE est le fruit d\u2019une enqu\u00eate documentaire aupr\u00e8s de prostitu\u00e9es et de clients qui a abouti \u00e0 une \u00e9criture th\u00e9\u00e2trale qui m\u00eale les r\u00e9cits intimes des com\u00e9diennes qui ont cr\u00e9\u00e9 ensuite le spectacle dont l\u2019une d\u2019elle est une des prostitu\u00e9es rencontr\u00e9es durant l\u2019enqu\u00eate. C\u2019est un objet sonore qui retrace l\u2019\u00e9pop\u00e9e d\u2019une cr\u00e9ation, r\u00e9alis\u00e9 durant le confinement en 2020, la pi\u00e8ce a \u00e9t\u00e9 reprise ensuite au Th\u00e9\u00e2tre des Quartiers d\u2019Ivry en 2021.<\/p>\t\t\t\t\t\t\t\t<\/div>\n\t\t\t\t<\/div>\n\t\t\t\t\t<\/div>\n\t\t<\/div>\n\t\t\t\t<div class=\"elementor-column elementor-col-50 elementor-top-column elementor-element elementor-element-e1d6102\" data-id=\"e1d6102\" data-element_type=\"column\" data-e-type=\"column\">\n\t\t\t<div class=\"elementor-widget-wrap elementor-element-populated\">\n\t\t\t\t\t\t<div class=\"elementor-element elementor-element-4ee4982 elementor-widget elementor-widget-text-editor\" data-id=\"4ee4982\" data-element_type=\"widget\" data-e-type=\"widget\" data-widget_type=\"text-editor.default\">\n\t\t\t\t<div class=\"elementor-widget-container\">\n\t\t\t\t\t\t\t\t\t<p>LA PASSE # PODCAST est un objet sonore cr\u00e9\u00e9 \u00e0 partir de l\u2019enqu\u00eate qui a pr\u00e9c\u00e9d\u00e9 la cr\u00e9ation de la pi\u00e8ce qui f\u00fbt cr\u00e9\u00e9e en 2019.<\/p>\n<p>E<a style=\"font-weight: var( --e-global-typography-text-font-weight ); background-color: var(--nv-site-bg); font-size: var(--bodyfontsize); text-transform: var(--bodytexttransform);\" href=\"https:\/\/www.mixcloud.com\/Parcelle112\/la-passe-vanessa-larr%C3%A9-episode-1\/\" target=\"_blank\" rel=\"noopener\">pisode 1&nbsp;<\/a><\/p>\n<p>E<a style=\"font-weight: var( --e-global-typography-text-font-weight ); background-color: var(--nv-site-bg); font-size: var(--bodyfontsize); text-transform: var(--bodytexttransform);\" href=\"https:\/\/www.mixcloud.com\/Parcelle112\/podcast-%C4%B1-la-passe-%C4%B1-vanessa-larr%C3%A9-%C4%B1-2\/\" target=\"_blank\" rel=\"noopener\">pisode 2<\/a><\/p>\n<p>E<span style=\"font-weight: var( --e-global-typography-text-font-weight ); text-transform: var(--bodytexttransform);\"><a href=\"https:\/\/www.mixcloud.com\/Parcelle112\/podcast-%C4%B1-la-passe-%C4%B1-3-%C4%B1-vanessa-larr%C3%A9\/\">pisode 3<\/a><\/span><\/p>\t\t\t\t\t\t\t\t<\/div>\n\t\t\t\t<\/div>\n\t\t\t\t\t<\/div>\n\t\t<\/div>\n\t\t\t\t\t<\/div>\n\t\t<\/section>\n\t\t\t\t<section class=\"elementor-section elementor-top-section elementor-element elementor-element-5b60d6a elementor-section-boxed elementor-section-height-default elementor-section-height-default\" data-id=\"5b60d6a\" data-element_type=\"section\" data-e-type=\"section\">\n\t\t\t\t\t\t<div class=\"elementor-container elementor-column-gap-default\">\n\t\t\t\t\t<div class=\"elementor-column elementor-col-100 elementor-top-column elementor-element elementor-element-6ccac23\" data-id=\"6ccac23\" data-element_type=\"column\" data-e-type=\"column\">\n\t\t\t<div class=\"elementor-widget-wrap\">\n\t\t\t\t\t\t\t<\/div>\n\t\t<\/div>\n\t\t\t\t\t<\/div>\n\t\t<\/section>\n\t\t\t\t<\/div>\n\t\t","protected":false},"excerpt":{"rendered":"<p>La Passe # Podcast LA PASSE est le fruit d\u2019une enqu\u00eate documentaire aupr\u00e8s de prostitu\u00e9es et de clients qui a abouti \u00e0 une \u00e9criture th\u00e9\u00e2trale qui m\u00eale les r\u00e9cits intimes des com\u00e9diennes qui ont cr\u00e9\u00e9 ensuite le spectacle dont l\u2019une d\u2019elle est une des prostitu\u00e9es rencontr\u00e9es durant l\u2019enqu\u00eate. C\u2019est un objet sonore qui retrace l\u2019\u00e9pop\u00e9e&hellip;&nbsp;<a href=\"https:\/\/parcelle112.com\/?page_id=1153\" class=\"\" rel=\"bookmark\">Lire la suite &raquo;<span class=\"screen-reader-text\">La Passe # Podcast<\/span><\/a><\/p>\n","protected":false},"author":1,"featured_media":0,"parent":0,"menu_order":0,"comment_status":"closed","ping_status":"closed","template":"","meta":{"neve_meta_sidebar":"","neve_meta_container":"","neve_meta_enable_content_width":"","neve_meta_content_width":0,"neve_meta_title_alignment":"","neve_meta_author_avatar":"","neve_post_elements_order":"","neve_meta_disable_header":"","neve_meta_disable_footer":"","neve_meta_disable_title":"","footnotes":""},"class_list":["post-1153","page","type-page","status-publish","hentry"],"_links":{"self":[{"href":"https:\/\/parcelle112.com\/index.php?rest_route=\/wp\/v2\/pages\/1153","targetHints":{"allow":["GET"]}}],"collection":[{"href":"https:\/\/parcelle112.com\/index.php?rest_route=\/wp\/v2\/pages"}],"about":[{"href":"https:\/\/parcelle112.com\/index.php?rest_route=\/wp\/v2\/types\/page"}],"author":[{"embeddable":true,"href":"https:\/\/parcelle112.com\/index.php?rest_route=\/wp\/v2\/users\/1"}],"replies":[{"embeddable":true,"href":"https:\/\/parcelle112.com\/index.php?rest_route=%2Fwp%2Fv2%2Fcomments&post=1153"}],"version-history":[{"count":28,"href":"https:\/\/parcelle112.com\/index.php?rest_route=\/wp\/v2\/pages\/1153\/revisions"}],"predecessor-version":[{"id":2562,"href":"https:\/\/parcelle112.com\/index.php?rest_route=\/wp\/v2\/pages\/1153\/revisions\/2562"}],"wp:attachment":[{"href":"https:\/\/parcelle112.com\/index.php?rest_route=%2Fwp%2Fv2%2Fmedia&parent=1153"}],"curies":[{"name":"wp","href":"https:\/\/api.w.org\/{rel}","templated":true}]}}